 the greatest common divisor of 9 and 2073177?
9
What is the highest common factor of 4503 and 171?
57
What is the highest common divisor of 9855 and 5840?
365
Calculate the greatest common divisor of 23521 and 6579.
43
What is the greatest common divisor of 1000 and 186000?
1000
What is the highest common factor of 514624 and 43?
43
What is the highest common divisor of 131183 and 221?
13
What is the highest common divisor of 952 and 262?
2
What is the highest common divisor of 501798 and 22?
22
What is the greatest common factor of 35610 and 240?
30
What is the greatest common divisor of 24 and 181878?
6
Calculate the highest common factor of 1442 and 3262.
14
What is the greatest common factor of 5130 and 468654?
114
What is the greatest common factor of 39 and 1006512?
39
Calculate the greatest common factor of 406 and 2727334.
58
Calculate the highest common factor of 1645 and 5271.
7
Calculate the greatest common divisor of 126 and 13062.
42
What is the highest common divisor of 390 and 177450?
390
Calculate the highest common divisor of 1209 and 9858.
93
What is the highest common divisor of 55629 and 2247?
21
What is the greatest common divisor of 256 and 691072?
128
What is the greatest common divisor of 238 and 1272229?
119
What is the greatest common factor of 101404 and 2828?
404
Calculate the greatest common factor of 404 and 110090.
202
What is the highest common divisor of 51475 and 142?
71
Calculate the highest common factor of 252 and 4380.
12
What is the greatest common divisor of 795491 and 2681?
383
Calculate the greatest common divisor of 1248 and 335816.
104
Calculate the highest common divisor of 167550 and 525.
75
What is the highest common factor of 4784 and 9152?
208
Calculate the highest common factor of 222943 and 21.
7
What is the greatest common divisor of 6688 and 189563?
209
What is the greatest common factor of 265 and 42930?
265
What is the greatest common divisor of 25088 and 18368?
448
Calculate the greatest common divisor of 1664 and 241904.
208
What is the highest common factor of 1110 and 1157360?
370
What is the greatest common factor of 14006 and 157642?
298
What is the highest common divisor of 640 and 66304?
128
Calculate the highest common factor of 736 and 53544.
184
What is the greatest common divisor of 363148 and 4?
4
What is the highest common factor of 1128 and 136?
8
What is the greatest common divisor of 61639 and 583?
53
What is the greatest common factor of 2592 and 2484?
108
Calculate the greatest common factor of 640 and 26860.
20
What is the highest common divisor of 993590 and 650?
130
What is the highest common divisor of 83127 and 286?
11
What is the greatest common factor of 125 and 61850?
25
Calculate the highest common factor of 318913 and 58.
29
Calculate the highest common factor of 152 and 265304.
8
What is the greatest common factor of 72794 and 34?
34
What is the highest common divisor of 1445322 and 2502?
834
What is the greatest common factor of 2232 and 15960?
24
Calculate the highest common divisor of 355992 and 208.
104
What is the highest common factor of 48 and 160464?
48
Calculate the highest common factor of 22338 and 3366.
306
What is the highest common divisor of 39303 and 11?
11
What is the greatest common divisor of 1536 and 4770?
6
What is the greatest common divisor of 9017 and 2032?
127
What is the greatest common factor of 5883 and 146631?
111
Calculate the highest common factor of 20830 and 10.
10
Calculate the greatest common divisor of 275 and 119700.
25
What is the highest common divisor of 772290 and 90?
90
What is the greatest common divisor of 33625 and 1000?
125
What is the greatest common divisor of 2619 and 582?
291
Calculate the greatest common divisor of 17476 and 27756.
1028
Calculate the highest common factor of 3869 and 636.
53
Calculate the greatest common divisor of 7426 and 752.
94
What is the greatest common divisor of 1452 and 232683?
363
What is the highest common divisor of 71370 and 83070?
1170
Calculate the greatest common divisor of 350 and 10416.
14
What is the greatest common divisor of 77587 and 9?
1
Calculate the greatest common divisor of 83990 and 1480.
370
Calculate the highest common factor of 492 and 38540.
164
What is the greatest common divisor of 701 and 13?
1
What is the greatest common divisor of 56 and 5113850?
14
Calculate the greatest common divisor of 614140 and 60.
20
Calculate the greatest common factor of 623645 and 10285.
935
Calculate the greatest common divisor of 271386 and 18.
18
What is the highest common divisor of 1676 and 604?
4
Calculate the greatest common divisor of 51 and 329919.
51
Calculate the greatest common factor of 1148 and 65828.
28
Calculate the greatest common factor of 89492 and 221.
13
What is the highest common divisor of 469 and 234500?
469
Calculate the greatest common factor of 315815 and 5.
5
Calculate the highest common divisor of 105696 and 648.
72
What is the highest common divisor of 268818 and 99?
33
Calculate the highest common factor of 7272 and 11716.
404
What is the greatest common factor of 17 and 824891?
17
What is the greatest common divisor of 17 and 253606?
17
Calculate the greatest common divisor of 400 and 101800.
200
What is the greatest common factor of 40921 and 12533?
151
What is the greatest common divisor of 240325 and 75?
25
What is the highest common factor of 355515 and 1370?
685
What is the greatest common divisor of 1037050 and 2450?
350
What is the greatest common factor of 3071160 and 760?
760
What is the greatest common factor of 90758 and 1426?
46
Calculate the greatest common factor of 270480 and 123165.
2415
What is the highest common factor of 523211 and 13?
13
What is the highest common factor of 2652 and 3519?
51
Calculate the greatest common divisor of 8120 and 10034.
58
What is the highest common divisor of 31 and 5941801?
31
Calculate the greatest common divisor of 68 and 456178.
34
What is the highest common factor of 49952 and 4704?
224
What is the greatest common divisor of 2980 and 1620?
20
Calculate the highest common divisor of 175 and 1612800.
175
Calculate the highest common factor of 392 and 39592.
392
Calculate the greatest common divisor of 12304 and 16.
16
Calculate the greatest common factor of 112 and 641144.
56
Calculate the highest common factor of 32 and 2689504.
32
Calculate the highest common divisor of 81337 and 8483.
499
Calculate the greatest common factor of 1751 and 11033.
17
Calculate the highest common factor of 22635 and 45.
45
What is the highest common factor of 22 and 115016?
22
Calculate the greatest common divisor of 386 and 280429.
193
What is the highest common factor of 1250 and 81610?
10
Calculate the greatest common factor of 2820 and 3480.
60
Calculate the highest common factor of 18 and 904329.
9
Calculate the highest common factor of 299 and 76544.
299
Calculate the highest common factor of 266789 and 4333.
619
What is the highest common factor of 1616 and 58378?
202
What is the greatest common divisor of 322 and 353402?
14
Calculate the highest common divisor of 28733 and 1003.
59
Calculate the greatest common divisor of 12798 and 25754.
158
What is the highest common factor of 160 and 53480?
40
Calculate the highest common factor of 79210 and 267.
89
Calculate the greatest common factor of 204 and 36684.
12
What is the greatest common factor of 61624 and 16?
8
What is the highest common divisor of 4280 and 21304?
8
What is the greatest common factor of 492 and 26814?
246
What is the highest common factor of 533 and 150429?
41
Calculate the highest common divisor of 5868 and 66830.
326
What is the greatest common divisor of 533 and 6370?
13
What is the highest common factor of 5266998 and 54?
54
Calculate the highest common divisor of 324 and 24867.
81
Calculate the greatest common factor of 348 and 6206.
58
What is the highest common divisor of 135445 and 2893?
263
What is the greatest common divisor of 744 and 184884?
372
What is the highest common factor of 1950 and 1300?
650
What is the highest common divisor of 9720 and 13960?
40
What is the highest common divisor of 199 and 2191388?
199
What is the highest common factor of 120540 and 61250?
490
Calculate the greatest common factor of 27 and 14415